{"id":228,"date":"2017-03-21T07:24:08","date_gmt":"2017-03-21T07:24:08","guid":{"rendered":"http:\/\/www.alumni-augsburg.de\/?page_id=228"},"modified":"2017-03-21T08:00:47","modified_gmt":"2017-03-21T08:00:47","slug":"vorstand","status":"publish","type":"page","link":"https:\/\/www.alumni-augsburg.de\/?page_id=228","title":{"rendered":"Vorstand"},"content":{"rendered":"<table>\n<tr>\n<td width=\"130px\">\n[Bild in K\u00fcrze]\n<\/td>\n<td>\n<b>Vorstandsvorsitzender<\/b><\/p>\n<p>Dr. Rudolf Wittmann<br \/>\n&nbsp;&nbsp;&nbsp;&nbsp;Rechtsanwalt<br \/>\n&nbsp;&nbsp;&nbsp;&nbsp;Seitz Weckbach Fackler Partner mbB<br \/>\n&nbsp;&nbsp;&nbsp;&nbsp;Schie\u00dfgrabenstra\u00dfe 14<br \/>\n&nbsp;&nbsp;&nbsp;&nbsp;86150 Augsburg<br \/>\n&nbsp;&nbsp;&nbsp;&nbsp;<a href=\"maito:rwittmann@seitz-partner.de\">rwittmann@seitz-partner.de<\/a>\n<\/td>\n<\/tr>\n<tr>\n<td>\n[Bild in K\u00fcrze]\n<\/td>\n<td>\n<b>Stellvertretende Vorsitzende<\/b><\/p>\n<p>Prof. Dr. Martina Benecke<br \/>\n&nbsp;&nbsp;&nbsp;&nbsp;Lehrstuhl f\u00fcr B\u00fcrgerliches Recht, Handels-, Arbeits- und Wirtschaftsrecht<br \/>\n&nbsp;&nbsp;&nbsp;&nbsp;Universit\u00e4tsstra\u00dfe 24<br \/>\n&nbsp;&nbsp;&nbsp;&nbsp;86159 Augsburg\n<\/td>\n<\/tr>\n<tr>\n<td width=\"130px\">\n[Bild in K\u00fcrze]\n<\/td>\n<td>\n<b>Schatzmeister<\/b><\/p>\n<p>RA und StB Klaus Bader<br \/>\n&nbsp;&nbsp;&nbsp;&nbsp;Schie\u00dfgrabenstr. 32<br \/>\n&nbsp;&nbsp;&nbsp;&nbsp;86150 Augsburg\n<\/td>\n<\/tr>\n<tr>\n<td>\n[Bild in K\u00fcrze]\n<\/td>\n<td>\n<b>Schriftf\u00fchrerin<\/b><\/p>\n<p>Juliane Kirchner<br \/>\n&nbsp;&nbsp;&nbsp;&nbsp;RAin und FAin f\u00fcr Strafrecht<br \/>\n&nbsp;&nbsp;&nbsp;&nbsp;Fuggerstr. 9<br \/>\n&nbsp;&nbsp;&nbsp;&nbsp;86150 Augsburg<br \/>\n&nbsp;&nbsp;&nbsp;&nbsp;<a href=\"mailto:kirchner@klp-strafrecht.de\">kirchner@klp-strafrecht.de<\/a>\n<\/td>\n<\/tr>\n<\/table>\n","protected":false},"excerpt":{"rendered":"<p>[Bild in K\u00fcrze] Vorstandsvorsitzender Dr. Rudolf Wittmann &nbsp;&nbsp;&nbsp;&nbsp;Rechtsanwalt &nbsp;&nbsp;&nbsp;&nbsp;Seitz Weckbach Fackler Partner mbB &nbsp;&nbsp;&nbsp;&nbsp;Schie\u00dfgrabenstra\u00dfe 14 &nbsp;&nbsp;&nbsp;&nbsp;86150 Augsburg &nbsp;&nbsp;&nbsp;&nbsp;rwittmann@seitz-partner.de [Bild in K\u00fcrze] Stellvertretende Vorsitzende Prof. Dr. Martina Benecke &nbsp;&nbsp;&nbsp;&nbsp;Lehrstuhl f\u00fcr B\u00fcrgerliches Recht, Handels-, Arbeits- und Wirtschaftsrecht &nbsp;&nbsp;&nbsp;&nbsp;Universit\u00e4tsstra\u00dfe 24 &nbsp;&nbsp;&nbsp;&nbsp;86159 Augsburg [Bild in K\u00fcrze] Schatzmeister RA und StB Klaus Bader &nbsp;&nbsp;&nbsp;&nbsp;Schie\u00dfgrabenstr. 32 &nbsp;&nbsp;&nbsp;&nbsp;86150 Augsburg [Bild in K\u00fcrze] [&hellip;]<\/p>\n","protected":false},"author":1,"featured_media":0,"parent":0,"menu_order":0,"comment_status":"closed","ping_status":"closed","template":"","meta":{"footnotes":""},"class_list":["post-228","page","type-page","status-publish","format-standard","hentry"],"_links":{"self":[{"href":"https:\/\/www.alumni-augsburg.de\/index.php?rest_route=\/wp\/v2\/pages\/228","targetHints":{"allow":["GET"]}}],"collection":[{"href":"https:\/\/www.alumni-augsburg.de\/index.php?rest_route=\/wp\/v2\/pages"}],"about":[{"href":"https:\/\/www.alumni-augsburg.de\/index.php?rest_route=\/wp\/v2\/types\/page"}],"author":[{"embeddable":true,"href":"https:\/\/www.alumni-augsburg.de\/index.php?rest_route=\/wp\/v2\/users\/1"}],"replies":[{"embeddable":true,"href":"https:\/\/www.alumni-augsburg.de\/index.php?rest_route=%2Fwp%2Fv2%2Fcomments&post=228"}],"version-history":[{"count":16,"href":"https:\/\/www.alumni-augsburg.de\/index.php?rest_route=\/wp\/v2\/pages\/228\/revisions"}],"predecessor-version":[{"id":261,"href":"https:\/\/www.alumni-augsburg.de\/index.php?rest_route=\/wp\/v2\/pages\/228\/revisions\/261"}],"wp:attachment":[{"href":"https:\/\/www.alumni-augsburg.de\/index.php?rest_route=%2Fwp%2Fv2%2Fmedia&parent=228"}],"curies":[{"name":"wp","href":"https:\/\/api.w.org\/{rel}","templated":true}]}}

<table>
<tr>
<td width="130px">
[Bild in Kürze]
</td>
<td>
<b>Vorstandsvorsitzender</b></p>
<p>Dr. Rudolf Wittmann<br />
&nbsp;&nbsp;&nbsp;&nbsp;Rechtsanwalt<br />
&nbsp;&nbsp;&nbsp;&nbsp;Seitz Weckbach Fackler Partner mbB<br />
&nbsp;&nbsp;&nbsp;&nbsp;Schießgrabenstraße 14<br />
&nbsp;&nbsp;&nbsp;&nbsp;86150 Augsburg<br />
&nbsp;&nbsp;&nbsp;&nbsp;<a href="maito:rwittmann@seitz-partner.de">rwittmann@seitz-partner.de</a>
</td>
</tr>
<tr>
<td>
[Bild in Kürze]
</td>
<td>
<b>Stellvertretende Vorsitzende</b></p>
<p>Prof. Dr. Martina Benecke<br />
&nbsp;&nbsp;&nbsp;&nbsp;Lehrstuhl für Bürgerliches Recht, Handels-, Arbeits- und Wirtschaftsrecht<br />
&nbsp;&nbsp;&nbsp;&nbsp;Universitätsstraße 24<br />
&nbsp;&nbsp;&nbsp;&nbsp;86159 Augsburg
</td>
</tr>
<tr>
<td width="130px">
[Bild in Kürze]
</td>
<td>
<b>Schatzmeister</b></p>
<p>RA und StB Klaus Bader<br />
&nbsp;&nbsp;&nbsp;&nbsp;Schießgrabenstr. 32<br />
&nbsp;&nbsp;&nbsp;&nbsp;86150 Augsburg
</td>
</tr>
<tr>
<td>
[Bild in Kürze]
</td>
<td>
<b>Schriftführerin</b></p>
<p>Juliane Kirchner<br />
&nbsp;&nbsp;&nbsp;&nbsp;RAin und FAin für Strafrecht<br />
&nbsp;&nbsp;&nbsp;&nbsp;Fuggerstr. 9<br />
&nbsp;&nbsp;&nbsp;&nbsp;86150 Augsburg<br />
&nbsp;&nbsp;&nbsp;&nbsp;<a href="mailto:kirchner@klp-strafrecht.de">kirchner@klp-strafrecht.de</a>
</td>
</tr>
</table>

<p>[Bild in Kürze] Vorstandsvorsitzender Dr. Rudolf Wittmann &nbsp;&nbsp;&nbsp;&nbsp;Rechtsanwalt &nbsp;&nbsp;&nbsp;&nbsp;Seitz Weckbach Fackler Partner mbB &nbsp;&nbsp;&nbsp;&nbsp;Schießgrabenstraße 14 &nbsp;&nbsp;&nbsp;&nbsp;86150 Augsburg &nbsp;&nbsp;&nbsp;&nbsp;rwittmann@seitz-partner.de [Bild in Kürze] Stellvertretende Vorsitzende Prof. Dr. Martina Benecke &nbsp;&nbsp;&nbsp;&nbsp;Lehrstuhl für Bürgerliches Recht, Handels-, Arbeits- und Wirtschaftsrecht &nbsp;&nbsp;&nbsp;&nbsp;Universitätsstraße 24 &nbsp;&nbsp;&nbsp;&nbsp;86159 Augsburg [Bild in Kürze] Schatzmeister RA und StB Klaus Bader &nbsp;&nbsp;&nbsp;&nbsp;Schießgrabenstr. 32 &nbsp;&nbsp;&nbsp;&nbsp;86150 Augsburg [Bild in Kürze] [&hellip;]</p>
